e the prime factors of 1806458?
2, 73, 12373
What are the prime factors of 3313580?
2, 5, 43, 3853
What are the prime factors of 16706577?
3, 5568859
What are the prime factors of 547501?
547501
List the prime factors of 350919.
3, 41, 317
What are the prime factors of 1685521?
1685521
What are the prime factors of 1690732?
2, 191, 2213
What are the prime factors of 11677329?
3, 317, 4093
What are the prime factors of 6004022?
2, 1129, 2659
What are the prime factors of 4477549?
47, 95267
List the prime factors of 4715276.
2, 23, 107, 479
List the prime factors of 214362.
2, 3, 11909
What are the prime factors of 252977?
17, 23, 647
List the prime factors of 452591.
17, 79, 337
List the prime factors of 34998874.
2, 19, 571, 1613
What are the prime factors of 7732513?
541, 14293
List the prime factors of 1855159.
17, 29, 53, 71
What are the prime factors of 5474716?
2, 13, 127, 829
List the prime factors of 16357253.
11, 101, 14723
What are the prime factors of 133026?
2, 3, 22171
List the prime factors of 7693362.
2, 3, 23, 18583
What are the prime factors of 220167?
3, 17, 1439
List the prime factors of 78511.
78511
What are the prime factors of 105463?
263, 401
List the prime factors of 345200.
2, 5, 863
List the prime factors of 6615146.
2, 3307573
What are the prime factors of 3533949?
3, 14543
What are the prime factors of 315096?
2, 3, 19, 691
What are the prime factors of 2300540?
2, 5, 11, 10457
List the prime factors of 1427938.
2, 101, 7069
What are the prime factors of 352032?
2, 3, 19, 193
What are the prime factors of 4746374?
2, 2373187
List the prime factors of 3596597.
1801, 1997
What are the prime factors of 6717483?
3, 31, 24077
What are the prime factors of 521456?
2, 13, 23, 109
What are the prime factors of 153205?
5, 13, 2357
List the prime factors of 2891377.
17, 170081
What are the prime factors of 331275?
3, 5, 7, 631
What are the prime factors of 347090?
2, 5, 61, 569
What are the prime factors of 519045?
3, 5, 34603
What are the prime factors of 168544?
2, 23, 229
List the prime factors of 367311.
3, 7, 17491
List the prime factors of 1351754.
2, 675877
What are the prime factors of 32775?
3, 5, 19, 23
List the prime factors of 887528.
2, 19, 5839
List the prime factors of 12099018.
2, 3, 41, 137, 359
What are the prime factors of 529840?
2, 5, 37, 179
List the prime factors of 21627015.
3, 5, 23, 62687
What are the prime factors of 409265?
5, 81853
List the prime factors of 10307658.
2, 3, 61, 28163
List the prime factors of 3817.
11, 347
What are the prime factors of 1147875?
3, 5, 3061
What are the prime factors of 971142?
2, 3, 17, 9521
List the prime factors of 374702.
2, 43, 4357
What are the prime factors of 449659?
7, 64237
List the prime factors of 18971617.
7, 1447, 1873
What are the prime factors of 2426509?
19, 127711
List the prime factors of 136341.
3, 15149
What are the prime factors of 1361306?
2, 67, 10159
What are the prime factors of 864440?
2, 5, 21611
What are the prime factors of 2643483?
3, 17, 3049
What are the prime factors of 6864584?
2, 858073
List the prime factors of 1462600.
2, 5, 71, 103
List the prime factors of 389718.
2, 3, 7, 1031
List the prime factors of 2621353.
7, 61, 877
What are the prime factors of 290241?
3, 7, 17, 271
What are the prime factors of 360163?
360163
List the prime factors of 897860.
2, 5, 44893
List the prime factors of 639473.
181, 3533
What are the prime factors of 953209?
41, 67, 347
List the prime factors of 1029231.
3, 7, 17, 31
What are the prime factors of 16524573?
3, 13, 423707
List the prime factors of 5435396.
2, 151, 8999
What are the prime factors of 978600?
2, 3, 5, 7, 233
What are the prime factors of 1548756?
2, 3, 11, 3911
What are the prime factors of 188063?
61, 3083
List the prime factors of 10344747.
3, 7, 47, 223
What are the prime factors of 43591956?
2, 3, 3632663
List the prime factors of 3560220.
2, 3, 5, 19, 347
List the prime factors of 8717539.
547, 15937
List the prime factors of 2166159.
3, 499, 1447
What are the prime factors of 7781968?
2, 43, 11311
List the prime factors of 902037.
3, 17, 23, 769
List the prime factors of 7727562.
2, 3, 47701
What are the prime factors of 1037721?
3, 345907
List the prime factors of 28548.
2, 3, 13, 61
What are the prime factors of 715338?
2, 3, 13, 1019
What are the prime factors of 142142?
2, 7, 11, 13, 71
List the prime factors of 4316285.
5, 31, 27847
List the prime factors of 20256451.
19, 109, 9781
List the prime factors of 1022280.
2, 3, 5, 7, 1217
What are the prime factors of 576488?
2, 11, 6551
What are the prime factors of 6786021?
3, 11, 19, 79, 137
List the prime factors of 110983.
29, 43, 89
What are the prime factors of 227161?
11, 107, 193
List the prime factors of 4887520.
2, 5, 11, 2777
What are the prime factors of 13289671?
13289671
What are the prime factors of 68575?
5, 13, 211
List the prime factors of 37010.
2, 5, 3701
List the prime factors of 8481617.
109, 77813
What are the prime factors of 276118?
2, 138059
List the prime factors of 82833.
3, 27611
What are the prime factors of 8405?
5, 41
List the prime factors of 369024.
2, 3, 31
List the prime factors of 689465.
5, 7, 19699
List the prime factors of 219740.
2, 5, 10987
What are the prime factors of 16132877?
16132877
List the prime factors of 146927.
11, 19, 37
List the prime factors of 457911.
3, 83, 613
List the prime factors of 1136857.
61, 18637
What are the prime factors of 177774?
2, 3, 29629
What are the prime factors of 437659?
83, 5273
What are the prime factors of 20392780?
2, 5, 1019639
List the prime factors of 1776533.
11, 161503
List the prime factors of 5732864.
2, 11197
List the prime factors of 1566609.
3, 11, 29, 1637
List the prime factors of 8947462.
2, 4473731
What are the prime factors of 684521?
73, 9377
What are the prime factors of 2740070?
2, 5, 274007
List the prime factors of 64416.
2, 3, 11, 61
List the prime factors of 434194.
2, 23, 9439
What are the prime factors of 405614?
2, 11, 103, 179
What are the prime factors of 335590?
2, 5, 37, 907
List the prime factors of 260980.
2, 5, 13049
What are the prime factors of 27672636?
2, 3, 2306053
What are the prime factors of 908366?
2, 454183
What are the prime factors of 5478322?
2, 67, 40883
List the prime factors of 11020997.
13, 65213
List the prime factors of 10598392.
2, 7, 189257
List the prime factors of 1031904.
2, 3, 3583
List the prime factors of 1803857.
11, 163987
What are the prime factors of 9226915?
5, 461, 4003
What are the prime factors of 774936?
2, 3, 47, 229
List the prime factors of 13655746.
2, 13, 525221
List the prime factors of 16955940.
2, 3, 5, 282599
List the prime factors of 17169795.
3, 5, 83, 4597
What are the prime factors of 210804?
2, 3, 11, 1597
What are the prime factors of 290727?
3, 32303
What are the prime factors of 446370?
2, 3, 5, 14879
List the prime factors of 40947951.
3, 11, 17, 47, 1553
List the prime factors of 6892343.
29, 271, 877
What are the prime factors of 6141490?
2, 5, 47, 73, 179
List the prime factors of 136331.
13, 10487
What are the prime factors of 429218?
2, 317, 677
List the prime factors of 188194.
2, 73, 1289
What are the prime factors of 1795512?
2, 3, 79, 947
List the prime factors of 3211878.
2, 3, 17, 31489
List the prime factors of 542291.
239, 2269
What are the prime factors of 944802?
2, 3, 52489
What are the prime factors of 509598?
2, 3, 9437
List the prime factors of 1360533.
3, 19, 23869
List the prime factors of 796561.
796561
List the prime factors of 145328.
2, 31, 293
List the prime factors of 116606.
2, 7, 8329
What are the prime factors of 481236?
2, 3, 7, 17, 337
What are the prime factors of 12093173?
991, 12203
List the prime factors of 816460.
2, 5, 40823
List the prime factors of 245310.
2, 3, 5, 13, 17, 37
What are the prime factors of 368252?
2, 43, 2141
What are the prime factors of 5367728?
2, 19, 17657
What are the prime factors of 1639153?
1639153
What are the prime factors of 11053642?
2, 101, 54721
List the prime factors of 5144767.
827, 6221
What are the prime factors of 115165?
5, 31, 743
List the prime factors of 4747136.
2, 37087
List the prime factors of 22214004.
2, 3, 61, 30347
What are the prime factors of 127802?
2, 63901
List the